) - 3*r(i). Determine c(3).
7
Let b = 3 + -1. Suppose -b*f - 2*f = -5*z - 6, 4*f + 12 = -4*z. Let t be -2 + (f - (-1 - -2)). Let n(w) = -w**2 - 3*w - 3. Calculate n(t).
-7
Let d(w) = -7*w + 44. Let t be d(7). Let o(z) = z**3 + 4*z**2. What is o(t)?
-25
Let x(n) = -n + 4. Suppose -3*p - 5*h - 3 = 0, 0*p + 4*h + 6 = -3*p. Let f(s) = 1. Let c(a) = p*f(a) + 3*x(a). Determine c(4).
-6
Let c(v) be the first derivative of v**5/20 - v**4/3 + v**3/3 + v**2 + 5*v + 3. Let j(a) be the first derivative of c(a). Give j(4).
10
Let p(s) = -s**3 + 1. Let r(h) = -h**3 - 4*h**2 + h + 3. Let m(j) = -2*p(j) + r(j). Determine m(3).
-5
Let i(z) = -2 - z**2 + 4*z + 2*z**2 - 1. Let d(c) = c**3 + 11*c**2 - 12*c + 3. Let t be d(-12). Suppose 2*y + 10 = 0, -7*y = 2*p - t*y + 28. Give i(p).
-3
Let s(m) = -m**3 - 4*m**2 + 2*m + 5. Let y(j) = j**2 + 6*j + 1. Let d be y(-5). What is s(d)?
-3
Let r(u) = 2*u - 4. Let g be r(4). Let n(w) = w - g*w + 3*w + 1 + w**2 - w. Let b = -1 - -1. Give n(b).
1
Suppose 3*i - q - 26 = 0, 0 = -i + 4*i + 2*q - 20. Let l = -11 + i. Let s(o) be the third derivative of -o**5/30 - o**4/6 - o**3/2 + 12*o**2. Determine s(l).
-9
Let g be -3 + 1 + -1*(-1 - 3). Let c(l) be the second derivative of 1/20*l**5 - 1/4*l**4 + 1/2*l**3 - 1/2*l**g + 2*l + 0. What is c(2)?
1
Let v(s) = s**3 - s**2 - 9. Let g(b) = 4*b - 40. Let x be g(10). What is v(x)?
-9
Let i be 7 + -5 + (-4)/(-2). Let m = i + -2. Let o(h) = -h**3 + 2*h**2. Calculate o(m).
0
Let k(l) be the third derivative of 0 - l**2 - 5/6*l**3 + 0*l + 1/24*l**4. Let v be k(8). Let p(q) = q**3 - 3*q**2 - 2*q + 3. Determine p(v).
-3
Let p(f) = f**3 - 6*f**2 + 3*f - 6. Suppose 10*s - 8*s - 10 = 0. What is p(s)?
-16
Let t = 105 - 96. Let a(d) = -d + 11. Give a(t).
2
Let q(n) be the third derivative of -n**6/120 - n**5/30 + n**4/8 + n**3/2 + 16*n**2. What is q(-3)?
3
Let p(h) = -4*h**3 - 12*h**2 - 3*h - 9. Let b(k) = -5*k**3 - 13*k**2 - 2*k - 10. Let i(v) = -5*b(v) + 6*p(v). Let r be i(8). Let z(d) = -d + 1. Calculate z(r).
5
Let o(m) be the third derivative of -m**5/60 - m**4/6 - m**3/6 + m**2. Let q = 217 - 220. Calculate o(q).
2
Let y(g) = -g. Let a(j) be the second derivative of j**5/60 - 5*j**4/24 + j**3/3 - j. Let o(z) be the second derivative of a(z). Let k be o(5). Give y(k).
-5
Let x(y) be the second derivative of 5/12*y**4 + y + 1/20*y**5 + y**3 + 1/2*y**2 + 0. Suppose -2 = -5*l - 22. What is x(l)?
-7
Let c be (0 - 3)*(-1 + 2). Suppose -9 = -2*o - o. Let l(p) = p**3 + 4 - o - 4*p + 2*p**2 - 1 - 1. Calculate l(c).
2
Let p(k) = -2*k**2 + 2*k - 14. Let d(q) = -q**2 + q - 6. Let x(y) = -7*d(y) + 3*p(y). Let u be (-4)/6 + (-34)/(-6). Suppose -2*n = u - 3. What is x(n)?
2
Let x be (1 + 7 + -3)*-1. Let f(y) = -y**3 - 4*y**2 + 4*y - 7. Determine f(x).
-2
Let q = -4 + 3. Let s(o) = o**3 + o**2 + o + 1. Let p be s(q). Let x(d) = -d - 6. What is x(p)?
-6
Let z(m) = -m**3 - 3*m**2 + 8*m + 10. Let n(w) = -w**2 + 3*w. Let a be n(4). Let h be z(a). Let f(v) = v**3 + 6*v**2 - v + 2. Give f(h).
8
Let s be -2 - (-6)/(0 + 1). Let y(d) = -3 + 8*d**2 + s - 2*d - 5 + 3. What is y(-1)?
9
Let j(k) = 5*k**3 - 9*k**2 + 3*k - 8. Let d(g) = -6*g**3 + 10*g**2 - 3*g + 9. Let f(x) = -4*d(x) - 5*j(x). What is f(5)?
-11
Suppose 0*f - 3*f + 10 = -2*n, -2*f + n = -7. Let h(w) = 3*w**2 - f*w**2 + 4 - 6*w - 5. Let k be (-1)/((-33)/(-15) + -2). What is h(k)?
4
Let r(w) = 6 - 5*w + w + 0*w. Let l(f) = 5*f - 7. Let d(q) = 2*l(q) + 3*r(q). Let b = -13 - -18. Determine d(b).
-6
Let y(r) = 15*r - 4 - 33*r - r**2 + 15*r. Give y(-3).
-4
Let u(d) = -3*d**2 - d + 3. Let g be (-7)/2*-1*(-18)/(-21). Determine u(g).
-27
Let l(g) = -2*g + 7. Suppose 5*f - 28 = -3*n, -5*n + f = -n - 22. Give l(n).
-5
Let h(n) = -4*n - 3*n**3 + 2*n**3 - 6*n**2 - 2*n**3 + 2*n**3. What is h(-5)?
-5
Suppose 10 = -0*g + 2*g. Let a(f) = f**2 - 6*f - 1. Give a(g).
-6
Let o(j) be the first derivative of j**3/3 - 7*j**2 - 8*j + 11. Determine o(14).
-8
Let j be 1 - 0 - (12 - 13). Suppose 0 = 4*x - j*x + 2. Let f(d) = -13*d**3 + 1. Give f(x).
14
Let w = 8 + -11. Let o(b) = -b**2 - b + 7. Let j(y) = -y**2 - 2*y + 7. Let d(h) = w*o(h) + 4*j(h). What is d(-6)?
1
Let w(n) = n**2 - 2*n - 3. Let a be w(-2). Suppose 2*y = a*y - 15. Suppose 38 - 13 = y*i. Let u(o) = -o**2 + 7*o - 4. What is u(i)?
6
Suppose -2*z = -33 + 37. Let m(v) = v**2 - v + 2. Calculate m(z).
8
Let u(m) = -m**3 - 9*m**2 - 7. Suppose -27 - 54 = 9*s. Calculate u(s).
-7
Let h(k) = 2*k**2 + 18*k + 11. Let l be h(-8). Let x(q) be the third derivative of -q**6/120 - q**5/10 - q**4/4 + 7*q**3/6 - q**2. What is x(l)?
12
Let u(g) = -g**3 - g**2 + g - 3. Suppose -3*n + 20 = 2*f + 3*f, -f + 4 = 0. Suppose -4*k + 7*k = n. Determine u(k).
-3
Let s(o) be the first derivative of 2*o**2 + 3. What is s(1)?
4
Suppose -4*g + 2*z - 3 = -3*z, -4*z = 4. Let c(n) be the third derivative of -n**5/60 - n**4/8 - n**3/6 - 24*n**2. Calculate c(g).
1
Let n = 4 + -2. Suppose 27 = -n*x - x. Let r = x + 6. Let f(i) = -i. What is f(r)?
3
Suppose 18 = 6*c - 12*c. Let n(f) = -7*f**2 - 4*f + 1. Let h(m) = -8*m**2 - 4*m + 1. Let d(s) = 6*h(s) - 7*n(s). Give d(c).
-4
Let s(z) = z**2 - 6*z - 3. Suppose -4*n = -n - 21. Let x be s(n). Let g(a) = -x - 1 - a + 6. Determine g(2).
-1
Let p(g) = g**3 + g + 6. Let k(s) = 2*s. Let t be k(1). Suppose -i = t*i. What is p(i)?
6
Let b(q) be the third derivative of -1/2*q**3 + 0 + 1/8*q**4 + 3*q**2 + 0*q - 1/120*q**5. Let y(f) be the first derivative of b(f). What is y(5)?
-2
Let d(r) = 2*r + 8. Let a be d(-7). Let f be (-6)/(-36) - 17/a. Let v(c) = 2*c**2 - 4*c + 2. What is v(f)?
8
Suppose 17*p = 19*p - 8. Let q(x) = -2 - 1 + 5*x + 2*x + p. Determine q(-1).
-6
Let n(u) = -5 + 5*u + 1 - 1 + u**2. Suppose 17 = -i - 5*s, -7*s + 3*s - 13 = i. Let c be 153/(-27) + 2/i. Calculate n(c).
-5
Let g(w) = -2 + 3 - 5 - w. What is g(5)?
-9
Suppose 5*p + 0*p - 15 = 0. Let t(d) = -3*d + 7*d + 4*d**2 + d**p + 0*d. Determine t(-3).
-3
Let v(u) = u - 6. Let l(n) = -6*n + 7. Let c(t) = -t. Let h be (-3 - -3) + 1 + 0. Let s(b) = h*l(b) - 5*c(b). Let r(z) = 6*s(z) + 7*v(z). Give r(-6).
-6
Let p be (36/45)/((-4)/(-10)). Let y(m) = m**3 - 4*m + 3. Determine y(p).
3
Let a(i) = -i**2 + i - 7 + 7. Let b(p) = -4*p**2 - 2*p. Let f(n) = -5*a(n) + b(n). Determine f(6).
-6
Suppose -5*c + 4*c + 5*s - 6 = 0, 3*c = -2*s - 18. Let k(q) = -q**3 + 1. Let r(h) = -5*h**3 + 6*h**2 - h + 11. Let m(v) = 6*k(v) - r(v). Give m(c).
-11
Let u(p) = -p**2 - p - 2. Let w(t) = -4*t + 28. Let l be w(7). Give u(l).
-2
Let h be (-104)/12 + (-1)/3. Let d be 4/((-12)/h) - 0. Let i(a) = 3*a - 3. Calculate i(d).
6
Let r(h) = -h**2 - 6*h + 1. Suppose 6*i = 5*i - 5. Give r(i).
6
Let i = -103 - -102. Let j(x) = 14*x**2 - 2*x - 1. Give j(i).
15
Let q(n) = -225*n - 63. Let d(z) = -18*z - 5. Let x(i) = -63*d(i) + 5*q(i). Let t = 27 + -28. Calculate x(t).
-9
Suppose l = -4*l + 35. Let b(q) = -3*q**2 - l + 4*q**2 + 3. Calculate b(3).
5
Let j(p) = p + 2. Let n(u) = -2*u**3 - 12*u**2 - 11*u + 8. Let m(i) = i**3 + 6*i**2 + 5*i - 4. Let w(f) = -5*m(f) - 2*n(f). Let l be w(-5). Give j(l).
-4
Let u(x) be the first derivative of 3*x**2/2 + 2. Let v be 4/(-6) + 10/6. Give u(v).
3
Let z(p) = -2*p**2. Suppose -5*x = -2*c - 2*c + 19, -4*x = 5*c + 7. Give z(x).
-18
Let h(w) = -2*w + 4 + 8*w - 3. Give h(-1).
-5
Let k(n) be the first derivative of -4*n**3/3 - 2*n**2 - 2*n + 3. Calculate k(-2).
-10
Let o(b) = b**3 - 3*b**2 - 5*b + 7. Let a be o(4). Let h(c) = c**3 - 5*c**2 + 5*c - 3. Determine h(a).
-6
Suppose -18 = 5*x + 22. Let u(l) = l**3 + 7*l**2 - 7*l + 7. Give u(x).
-1
Suppose 3*w + 6 - 15 = 0, 2*z - 5*w = -23. Let g(x) = x**3 + 4*x**2 + 3*x + 4. Give g(z).
-8
Suppose 0 = 3*k - 0*k. Let m(a) be the third derivative of -2/3*a**3 - 2*a**2 - 1/60*a**5 - 1/8*a**4 + k + 1/120*a**6 + 0*a. Determine m(3).
5
Suppose -4*q + 5 + 3 = 0. Suppose -4 = q*h - h. Let g(d) be the first derivative of d**2/2 + 7*d + 1. Determine g(h).
3
Let q(j) = -j**2 - j + 3. Let l be q(-3). Let i(o) = -6*o + 11 - 13 - o**2 + o. Determine i(l).
4
Suppose -q - 3 = 2. Let h(u) = u**2 - u - 5. Let r be h(0). Let m(y) = y**2 - 2. Let a(d) = 2*d**2 + d - 5. Let i(o) = r*m(o) + 3*a(o). What is i(q)?
5
Let n(x) = -3*x**3 + 8*x**2 - 4*x + 5. Let b(m) = 10*m**3 - 25*m**2 + 11*m - 14. Let u(r) = -2*b(r) - 7*n(r). Give u(5).
-2
